3 + i**2. Let m(v) = 2*v**2 + 11*v + 15. Calculate the remainder when m(-6) is divided by a(-1).
10
Let q(s) = 6*s - 15. Calculate the remainder when q(7) is divided by 7.
6
Suppose -h + 28 + 17 = 0. What is the remainder when h is divided by 4/4 - -18 - 3?
13
Let q = -844 + 854. Let j(u) = 19*u**3 + u - 1. Suppose 5 = 9*r - 4*r. Calculate the remainder when j(r) is divided by q.
9
Let s be 6*-1*(-2)/4. Suppose -2*u - 3*u = -25. Suppose -s = -u*b + 17. What is the remainder when 10 is divided by b?
2
Let o(x) = -x**3 - x**2 + 2*x + 73. Calculate the remainder when o(0) is divided by 19.
16
Suppose 4*c + p + 9 = 5*c, -4*p = c + 1. What is the remainder when 13 is divided by c?
6
Suppose k - 7 = -5*m, -2*m + 24 + 6 = 2*k. Calculate the remainder when 49 is divided by k.
15
Suppose 2 = -p + 1. Suppose 2*l - 172 = -2*l. What is the remainder when l is divided by p/(-4) - 354/(-24)?
13
Let n = -406 + 419. Suppose -3*a + 153 = -0*a. Calculate the remainder when a is divided by n.
12
Let a(n) = n**2 - 6*n - 1. Let r be 10/(-3)*9/(-6). Suppose 4*d - 57 = -r*q, 0 = d - 4*q + 5*q - 13. What is the remainder when 43 is divided by a(d)?
13
Let j(n) = 4*n**3 - 1. What is the remainder when 11 is divided by j(1)?
2
Let t(v) = -3*v - 14. What is the remainder when 438/14 - (-2)/(-7) is divided by t(-10)?
15
Let a(k) = 4*k - 6. Calculate the remainder when a(4) is divided by 3.
1
Suppose 2*o + 524 = 4*z, -z + o + 649 = 4*z. Calculate the remainder when z is divided by 12.
9
What is the remainder when (0 + -1)*(-1)/(3/48) is divided by -1*(-2 + 1)*9?
7
Let w = 19 + -6. What is the remainder when w is divided by (3 - 4)*-3 - (0 + -1)?
1
What is the remainder when 3/(-15) + 11/5 + 51 is divided by 18?
17
Suppose -5*z - 385 = -10*z. Let f(i) = -6*i**3 + i**2 + i - 1. Let r be f(2). Let c = r + z. What is the remainder when c is divided by 18?
16
Suppose 0 = -2*o - 2 + 34. Calculate the remainder when 60 is divided by o.
12
Suppose 5*f - 181 - 14 = -5*x, 0 = 3*x. Suppose 0 = 5*z - 229 + f. Suppose -3*t + 4*t - 13 = 0. Calculate the remainder when z is divided by t.
12
Suppose -2*z = -5*u + 25, -4*u = -0*u - z - 23. What is the remainder when 26 is divided by u?
5
Let p(i) = -i**2 - 4*i - 1. Suppose 21 = 4*f + 3*y, 3*f - 2*y - 22 = -3*y. What is the remainder when 29/f + (-2)/9 is divided by p(-3)?
1
Let z(o) = o - 3. Suppose 3*i + 59 = -46. Let t = -17 - i. Calculate the remainder when t is divided by z(8).
3
Suppose -2*p = -9*p + 119. Suppose -y - 2*y = -15. Calculate the remainder when p is divided by y.
2
Let z = 3 - -1. Suppose 3*x - 59 = -5*r, 2*x - 5*r = -2*x + 137. Suppose x = 4*t - 0. Calculate the remainder when t is divided by z.
3
Let o(d) = -d**2 + 9*d - 14. Suppose -6*y + 4 = -5*y. Suppose 0 = z - y*m - 6, z - 3*m = 2*m + 4. Calculate the remainder when z is divided by o(6).
2
Suppose -j - 2*j - 81 = 0. Let r = j - -64. What is the remainder when r is divided by 10?
7
Suppose 5*x - 118 = -2*t, -3*x = -2*x - 2*t - 14. Calculate the remainder when 83 is divided by x.
17
Let q be (-3 + 6)*31 + -1. Let r = q + -45. Calculate the remainder when r is divided by 12.
11
Let t(v) = v**3 - 3. Let f be t(0). Calculate the remainder when 2 - 0*(2 + f) is divided by 1.
0
Suppose 5*w - 2*i = 10, 0 = -w - 15*i + 12*i + 2. Calculate the remainder when w is divided by 0/1 - 2*-1.
0
Let i be (1 - -16)*(5 + -2). Let m = 72 - i. What is the remainder when m is divided by 12?
9
What is the remainder when -1 - 2 - (-578)/17 is divided by 12?
7
Let i(x) = 5*x + 14. Let a(w) = 3*w - 1. What is the remainder when i(0) is divided by a(3)?
6
Let w = -29 - -49. Suppose -14 - 10 = -2*k. Suppose -5*r - 4*o = -41, -3*o + k = 4*r - w. What is the remainder when r is divided by 4?
1
Suppose 2*l + 2*q + 10 = 0, -2*l + 5 = -7*l + 5*q. Calculate the remainder when l/(-6)*(5 + -1) is divided by 2.
0
Suppose 5*h - 5 = 2*s, 2*s - h - 15 = -0*s. Let x be 641 + 3/(-2 + 5). Calculate the remainder when (-4)/22 + x/22 is divided by s.
9
Suppose 2*d + 0 = 164. Calculate the remainder when d is divided by 17.
14
Suppose 2*f = -5*b + 140, 3*b - 132 = -2*f - 0*b. Suppose 2*u = 30 + f. What is the remainder when u is divided by (-1 - -2)*6*2?
9
Let k be (-3)/(-6)*0/(-1). Let z(j) = j - 10. Let w be z(k). Let t = w + 41. What is the remainder when t is divided by 11?
9
Calculate the remainder when (-6)/(-18) - (-562)/(-12)*-2 is divided by 48.
46
Let q(n) = -n + 12. Let t be q(5). Let m(g) = g**3 - 7*g**2 + 3*g - 9. Calculate the remainder when m(t) is divided by 5.
2
Let b = 11 + -16. Let d = b + 11. Let p = 8 - 4. Calculate the remainder when d is divided by p.
2
Let d = 2 - -34. Let z = 125 + -112. What is the remainder when d is divided by z?
10
Let b be ((-5)/(-4))/(1/4). Suppose -b*m = -2*z + 30, z - 17 = -0*z + 3*m. Calculate the remainder when z is divided by 3.
2
Let b be -14*((-20)/7 - -2). Suppose 0*u = -2*u + b. What is the remainder when 22 is divided by u*1*1 + 2?
6
Let z be 12/((3/(-4))/(-3)). Suppose -4*a - 56 = -2*l, 2*a - z = -2*l + 4*a. Calculate the remainder when l is divided by 11.
9
Suppose 4*n + 0*n = 24. Suppose -w = -2*i + n, -3*w = -7*w. Suppose i*m - 24 = 5*h, 0*h + 27 = 5*m - 4*h. Calculate the remainder when m is divided by 2.
1
Suppose -2*y = 2 - 14. Calculate the remainder when 10 is divided by y.
4
Suppose n - 3*n - 5*d = 7, 15 = -5*d. Suppose -x + n*x = 18. What is the remainder when 16 is divided by x?
4
Let j(s) = -s**3 - 9*s**2 - 9*s + 5. Calculate the remainder when 0 + (-25)/(-1 + 0) is divided by j(-8).
12
Suppose -b = -2*b + 8. Suppose 0 = 5*v - 10 - 5. What is the remainder when ((-2)/v)/((-10)/225) is divided by b?
7
Let a(d) = d**3 - 10*d**2 + 10*d + 11. Calculate the remainder when 57 is divided by a(9).
17
Let t = 30 - 18. Suppose 0 = -2*f - 0*f + 2. Calculate the remainder when 38 is divided by t - f/2*-2.
12
Suppose -8*g = 4 - 76. Calculate the remainder when 35 is divided by g.
8
Let j(d) = -6*d + 23. What is the remainder when j(0) is divided by 3?
2
Suppose 0*w + w - 15 = 0. Calculate the remainder when 28 + 4 + -3 + 0 is divided by w.
14
Let g(m) = -114*m**3 + 2*m**2 + m. Calculate the remainder when g(-1) is divided by 29.
28
Suppose -2*r + 27 = p - 0*r, -180 = -5*p - r. What is the remainder when p is divided by 13?
11
Let f = -13 + 27. Calculate the remainder when 63 is divided by f.
7
Let v(u) = -u**3 + 5*u**2 + u + 7. Calculate the remainder when 58 is divided by v(5).
10
Suppose 5*h - 43 - 42 = -5*b, 0 = 3*h - 2*b - 31. Calculate the remainder when h is divided by (-7)/((1*2)/(-2)).
6
Suppose 39 = 2*r + 5*y, -2*r + 0*r + 2*y = -32. What is the remainder when -4 - -5 - (-1 - r) is divided by 6?
1
Suppose 7 + 8 = -5*r. What is the remainder when (-56)/(-10) - 4/(-10) is divided by (r/(-9))/(4/48)?
2
Suppose s + s = 38. Suppose 11 + s = 2*z + 2*w, 5*z - 89 = 2*w. Calculate the remainder when 65 is divided by z.
14
Suppose -3 = -s - 0. Suppose -s*o + 13 = 3*h - 7*o, 0 = 5*h - 2*o - 31. What is the remainder when 27 is divided by h?
6
Suppose 3*s + s = 184. Suppose -z + 80 = 4*z. What is the remainder when s is divided by z?
14
Suppose 3*o - 8*o + 135 = 0. Suppose 430 = 2*l + 2*l + 3*i, 4*i = 2*l - 204. Calculate the remainder when l is divided by o.
25
What is the remainder when 4/18 + 2600/45 is divided by 21?
16
What is the remainder when 62 is divided by 8 - 3 - 1 - -9?
10
Let g(d) be the second derivative of d**5/20 + d**4/12 + d**3/3 + d**2/2 - 3*d. Calculate the remainder when 66 is divided by g(2).
15
Suppose -5*n = 109 - 9. Let p = n - -76. Calculate the remainder when p is divided by 19.
18
Let k(o) = 2*o**3 - 18*o**2 + 2*o - 1. Calculate the remainder when 32 is divided by k(9).
15
Suppose 2*a + 24 - 138 = -2*i, 4*i = 12. What is the remainder when a is divided by 11?
10
Suppose -2*z + 10 = -32. Calculate the remainder when z is divided by 6.
3
Let o = -67 - -130. What is the remainder when o is divided by 32?
31
Calculate the remainder when 334/10 - (-6)/(-75)*5 is divided by 18.
15
Suppose -7*m + 160 = m. Calculate the remainder when m is divided by 11.
9
What is the remainder when -2*7/3*21/(-2) is divided by 14?
7
Suppose -24 = -3*v - v. Calculate the remainder when (-2)/(-4) + 9/v is divided by 1.
0
Let o(f) = -16*f + 1. Suppo